{"id":54,"date":"2023-12-26T15:48:58","date_gmt":"2023-12-26T15:48:58","guid":{"rendered":"https:\/\/www.ldja.lv\/?page_id=54"},"modified":"2023-12-29T16:07:40","modified_gmt":"2023-12-29T16:07:40","slug":"par-mums","status":"publish","type":"page","link":"https:\/\/www.ldja.lv\/?page_id=54","title":{"rendered":"Par mums"},"content":{"rendered":"\n<p>Latvijas Daudzkorpusu jahtu asoci\u0101cija dibin\u0101ta 1993. gada 2. apr\u012bl\u012b. T\u0101s m\u0113r\u0137is ir apvienot Latvijas daudzkorpusu jahtu bur\u0101\u0161anas entuziastus, lai att\u012bst\u012btu \u0161o bur\u0101\u0161anas veidu un t\u0101 materi\u0101lo b\u0101zi, nostiprin\u0101tu Latvijas trad\u012bcijas \u0161aj\u0101 sporta veid\u0101 un veicin\u0101tu sadarb\u012bbu ar daudzkorpusu jahtu entuziastiem un to organiz\u0101cij\u0101m cit\u0101s valst\u012bs;<\/p>\n","protected":false},"excerpt":{"rendered":"<p>Latvijas Daudzkorpusu jahtu asoci\u0101cija dibin\u0101ta 1993. gada 2. apr\u012bl\u012b. T\u0101s m\u0113r\u0137is ir apvienot Latvijas daudzkorpusu jahtu bur\u0101\u0161anas entuziastus, lai att\u012bst\u012btu \u0161o bur\u0101\u0161anas veidu un t\u0101 materi\u0101lo b\u0101zi, nostiprin\u0101tu Latvijas trad\u012bcijas<span class=\"more-button\"><a href=\"https:\/\/www.ldja.lv\/?page_id=54\" class=\"more-link\">Continue reading<span class=\"screen-reader-text\">Par mums<\/span><\/a><\/span><\/p>\n","protected":false},"author":2,"featured_media":0,"parent":0,"menu_order":0,"comment_status":"closed","ping_status":"closed","template":"","meta":[],"_links":{"self":[{"href":"https:\/\/www.ldja.lv\/index.php?rest_route=\/wp\/v2\/pages\/54"}],"collection":[{"href":"https:\/\/www.ldja.lv\/index.php?rest_route=\/wp\/v2\/pages"}],"about":[{"href":"https:\/\/www.ldja.lv\/index.php?rest_route=\/wp\/v2\/types\/page"}],"author":[{"embeddable":true,"href":"https:\/\/www.ldja.lv\/index.php?rest_route=\/wp\/v2\/users\/2"}],"replies":[{"embeddable":true,"href":"https:\/\/www.ldja.lv\/index.php?rest_route=%2Fwp%2Fv2%2Fcomments&post=54"}],"version-history":[{"count":3,"href":"https:\/\/www.ldja.lv\/index.php?rest_route=\/wp\/v2\/pages\/54\/revisions"}],"predecessor-version":[{"id":98,"href":"https:\/\/www.ldja.lv\/index.php?rest_route=\/wp\/v2\/pages\/54\/revisions\/98"}],"wp:attachment":[{"href":"https:\/\/www.ldja.lv\/index.php?rest_route=%2Fwp%2Fv2%2Fmedia&parent=54"}],"curies":[{"name":"wp","href":"https:\/\/api.w.org\/{rel}","templated":true}]}}